{"id":6,"date":"2021-03-31T18:16:59","date_gmt":"2021-03-31T16:16:59","guid":{"rendered":"http:\/\/expertbertrand.be\/?page_id=6"},"modified":"2021-04-27T19:49:17","modified_gmt":"2021-04-27T17:49:17","slug":"aprim-jmb-cest","status":"publish","type":"page","link":"https:\/\/www.expertbertrand.be\/","title":{"rendered":"APRIM JMB"},"content":{"rendered":"\n<div class=\"wp-block-group\"><div class=\"wp-block-group__inner-container\">\n<p id=\"presentation\"><div class=\"omsc-full-width-section\"><div class=\"omsc-full-width-section-inner\"><div class=\"omsc-full-width-section-content\"><div class=\"container\"><div class=\"container-inner\"><\/p>\n<p><strong data-rich-text-format-boundary=\"true\"><div class=\"omsc-animation omsc-animation-almost-visible omsc-effect-fade-ltr\" data-animation-delay=\"500\"><\/strong><\/p>\n\n\n\n<p><h2 style=\"font-weight: normal;\">Les Experts <strong>Jean Marie Ernest BERTRAND<\/strong> et <strong>Gilles BERTRAND<\/strong> de la soci\u00e9t\u00e9 <strong>APRIM JMB sprl<\/strong> vous souhaitent la bienvenue sur leur site.<\/h2><\/p>\n\n\n\n<p><p><\/div><\/p>\n<p>&nbsp;<\/p>\n<p>&nbsp;<\/p><\/p>\n<\/div><\/div>\n\n\n<p><\/div><\/div><\/div><\/div><\/div><\/p>\n\n\n<div class=\"wp-block-group\"><div class=\"wp-block-group__inner-container\">\n<p id=\"presentation\"><div class=\"omsc-full-width-section\" style=\"background-image:url(https:\/\/expertbertrand.be\/wp-content\/uploads\/2021\/03\/corridor2.jpg);background-size: cover;background-attachment:fixed\"><div class=\"omsc-full-width-section-inner\"><div class=\"omsc-full-width-section-content\"><div class=\"container\"><div class=\"container-inner\"><\/p>\n<p><strong data-rich-text-format-boundary=\"true\"><div class=\"omsc-animation omsc-animation-almost-visible omsc-effect-fade-ltr\" data-animation-delay=\"500\"><\/strong><\/p>\n<h2>PR\u00c9SENTATION<\/h2>\n\n\n\n<p><strong>Aprim JMB SPRL<\/strong><\/p>\n\n\n\n<p>est une soci\u00e9t\u00e9 de services sp\u00e9cialis\u00e9e en<strong> EXPERTISES et ETUDES DE VALEURS IMMOBILIERES <\/strong>: <br><br>Valeurs v\u00e9nales, locatives, patrimoniales, \u00e0 neuf\u2026&nbsp; urbanisme, assurances, expertises priv\u00e9es et judiciaires, d\u00e9fenses en justice, d\u00e9limitations, mesurages, pathologies constructives, r\u00e9ceptions de travaux, \u00e9tats-des-lieux, locations, ventes, etc\u2026 etc\u2026<\/p>\n\n\n\n<p><p><\/div><\/p>\n<p>&nbsp;<\/p>\n<p>&nbsp;<\/p><\/p>\n<\/div><\/div>\n\n\n<p><\/div><\/div><\/div><\/div><\/div><\/p>\n<p id=\"historique\"><div class=\"omsc-full-width-section\" style=\"background-image:url(https:\/\/expertbertrand.be\/wp-content\/uploads\/2021\/03\/slide-b-2.png);background-size: cover;background-attachment:fixed\"><div class=\"omsc-full-width-section-inner\"><div class=\"omsc-full-width-section-content\"><div class=\"container\"><div class=\"container-inner\"><\/p>\n<p><\/p>\n\n\n<h2>HISTORIQUE ANNO 1930<\/h2>\n\n\n\n<div class=\"wp-block-columns\">\n<div class=\"wp-block-column\">\n<p class=\"has-drop-cap\">Le d\u00e9but de nos activit\u00e9s remonte \u00e0 1930 avec le premier Expert Armand BERTRAND.<\/p>\n\n\n\n<p>La raison sociale est aujourd&rsquo;hui APRIM JMB SPRL, soci\u00e9t\u00e9 g\u00e9r\u00e9e par&nbsp;<strong>Jean Marie Ernest BERTRAND et Gilles BERTRAND<\/strong>.<\/p>\n\n\n\n<p><\/p>\n<\/div>\n\n\n\n<div class=\"wp-block-column\">\n<figure class=\"wp-block-image size-full is-resized is-style-rounded\"><img loading=\"lazy\" data-original=\"https:\/\/www.expertbertrand.be\/wp-content\/uploads\/2021\/04\/ab-edited-2.gif\" alt=\"\" class=\"lazyload wp-image-49\" width=\"281\" height=\"224\"\/><figcaption><strong>Armand BERTRAND<\/strong> pr\u00e9sent\u00e9 au futur Roi des Belges. (1967)<\/figcaption><\/figure>\n<\/div>\n<\/div>\n\n\n\n<div class=\"wp-block-group\"><div class=\"wp-block-group__inner-container\"><\/div><\/div>\n\n\n<p><\/div><\/div><\/div><\/div><\/div><\/p>\n<p id=\"experts\"><div class=\"omsc-full-width-section\" style=\"background-color:#f2f2f2\"><div class=\"omsc-full-width-section-inner\"><div class=\"omsc-full-width-section-content\"><div class=\"container\"><div class=\"container-inner\"><\/p>\n<p><\/p>\n\n\n<div class=\"wp-block-columns\">\n<div class=\"wp-block-column\">\n<div class=\"wp-block-columns\">\n<div class=\"wp-block-column\">\n<div class=\"wp-block-image is-style-rounded\"><figure class=\"aligncenter size-large\"><img loading=\"lazy\" width=\"160\" height=\"160\" data-original=\"https:\/\/expertbertrand.be\/wp-content\/uploads\/2021\/03\/JMEB_160.jpg\" alt=\"\" class=\"lazyload wp-image-9\" srcset=\"https:\/\/www.expertbertrand.be\/wp-content\/uploads\/2021\/03\/JMEB_160.jpg 160w, https:\/\/www.expertbertrand.be\/wp-content\/uploads\/2021\/03\/JMEB_160-150x150.jpg 150w, https:\/\/www.expertbertrand.be\/wp-content\/uploads\/2021\/03\/JMEB_160-144x144.jpg 144w\" sizes=\"(max-width: 160px) 100vw, 160px\" \/><\/figure><\/div>\n\n\n\n<p class=\"has-text-align-center has-small-font-size\">Jean Marie Ernest Bertrand<\/p>\n<\/div>\n\n\n\n<div class=\"wp-block-column\">\n<div class=\"wp-block-image is-style-rounded\"><figure class=\"aligncenter size-large\"><img loading=\"lazy\" width=\"160\" height=\"160\" data-original=\"https:\/\/expertbertrand.be\/wp-content\/uploads\/2021\/03\/GB.jpg\" alt=\"\" class=\"lazyload wp-image-10\" srcset=\"https:\/\/www.expertbertrand.be\/wp-content\/uploads\/2021\/03\/GB.jpg 160w, https:\/\/www.expertbertrand.be\/wp-content\/uploads\/2021\/03\/GB-150x150.jpg 150w, https:\/\/www.expertbertrand.be\/wp-content\/uploads\/2021\/03\/GB-144x144.jpg 144w\" sizes=\"(max-width: 160px) 100vw, 160px\" \/><\/figure><\/div>\n\n\n\n<p class=\"has-text-align-center has-small-font-size\">Gilles Bertrand<\/p>\n<\/div>\n\n\n\n<div class=\"wp-block-column\">\n<div class=\"wp-block-image is-style-rounded\"><figure class=\"aligncenter size-large\"><img loading=\"lazy\" width=\"160\" height=\"160\" data-original=\"https:\/\/expertbertrand.be\/wp-content\/uploads\/2021\/03\/aasena.jpg\" alt=\"\" class=\"lazyload wp-image-11\" srcset=\"https:\/\/www.expertbertrand.be\/wp-content\/uploads\/2021\/03\/aasena.jpg 160w, https:\/\/www.expertbertrand.be\/wp-content\/uploads\/2021\/03\/aasena-150x150.jpg 150w, https:\/\/www.expertbertrand.be\/wp-content\/uploads\/2021\/03\/aasena-144x144.jpg 144w\" sizes=\"(max-width: 160px) 100vw, 160px\" \/><\/figure><\/div>\n\n\n\n<p class=\"has-text-align-center has-small-font-size\">Astrid Asena<\/p>\n<\/div>\n\n\n\n<div class=\"wp-block-column\">\n<div class=\"wp-block-image is-style-rounded\"><figure class=\"aligncenter size-large\"><img loading=\"lazy\" width=\"160\" height=\"160\" data-original=\"https:\/\/expertbertrand.be\/wp-content\/uploads\/2021\/03\/vlorge.jpg\" alt=\"\" class=\"lazyload wp-image-12\" srcset=\"https:\/\/www.expertbertrand.be\/wp-content\/uploads\/2021\/03\/vlorge.jpg 160w, https:\/\/www.expertbertrand.be\/wp-content\/uploads\/2021\/03\/vlorge-150x150.jpg 150w, https:\/\/www.expertbertrand.be\/wp-content\/uploads\/2021\/03\/vlorge-144x144.jpg 144w\" sizes=\"(max-width: 160px) 100vw, 160px\" \/><\/figure><\/div>\n\n\n\n<p class=\"has-text-align-center has-small-font-size\">V\u00e9ronique de Steenfeld<\/p>\n<\/div>\n<\/div>\n\n\n\n<p><\/p>\n<\/div>\n<\/div>\n\n\n\n<p><\/div><\/div><\/div><\/div><\/div><\/p>\n\n\n<p id=\"coordonnees\"><div class=\"omsc-full-width-section\" style=\"background-color:#f9f9f9\"><div class=\"omsc-full-width-section-inner\"><div class=\"omsc-full-width-section-content\"><div class=\"container\"><div class=\"container-inner\"><\/p>\n<div class=\"omsc-animation omsc-animation-almost-visible omsc-effect-fade-btt\" data-animation-delay=\"500\"><\/p>\n<p><\/p>\n<h2>CONTACTS<\/h2>\n<p><\/div>\n<div class=\"omsc-animation omsc-animation-almost-visible omsc-effect-fade-btt\" data-animation-delay=\"1000\">\n<p><strong data-rich-text-format-boundary=\"true\">Bureaux (sur rendez-vous)<\/strong><\/p>\n\n\n<div class=\"wp-block-columns\">\n<div class=\"wp-block-column\">\n<p>Av. de Vis\u00e9, 1<br>1170 Bruxelles (Watermael-Boitsfort)<br><i class=\"omsc-icon fa fa-phone omsc-icon-color-theme\" style=\"\"><\/i>&nbsp; +32 (0)2 675 24 52<br><a href=\"https:\/\/www.expertbertrand.be\">www.expertbertrand.be<\/a><\/p>\n<\/div>\n\n\n\n<div class=\"wp-block-column\">\n<p>TVA BE 0437 363 694<br>Compte bancaire FORTIS<br>IBAN BE92 0015 0869 1823<br>BIC GEBABEBB<\/p>\n<\/div>\n<\/div>\n\n\n\n<div class=\"wp-block-columns\">\n<div class=\"wp-block-column\">\n<p><strong>Jean Marie Ernest Bertrand<\/strong><br><i class=\"omsc-icon fa fa-mobile omsc-icon-color-theme\" style=\"\"><\/i> + 32 (0)475 411 601<\/p>\n\n\n\n<p><i class=\"omsc-icon fa fa-envelope omsc-icon-color-theme\" style=\"\"><\/i> <a href=\"mailto:jmb@expertbertrand.be\">jmb@expertbertrand.be<\/a><\/p>\n<\/div>\n\n\n\n<div class=\"wp-block-column\">\n<p><strong>Gilles Bertrand<\/strong><br><i class=\"omsc-icon fa fa-mobile omsc-icon-color-theme\" style=\"\"><\/i> + 32 (0)476 641 044<\/p>\n\n\n\n<p><i class=\"omsc-icon fa fa-envelope omsc-icon-color-theme\" style=\"\"><\/i> <a href=\"mailto:gb@expertbertrand.be\" data-type=\"mailto\" data-id=\"mailto:gb@expertbertrand.be\">gb@expertbertrand.be<\/a><\/p>\n<\/div>\n<\/div>\n\n\n\n<p><\/div><\/div><\/div><\/div><\/div><\/div><\/p>\n\n\n<p><\/p>\n<p id=\"noussommes\"><div class=\"omsc-full-width-section\" style=\"background-color:#f9f9f9;background-image:url(https:\/\/expertbertrand.be\/wp-content\/uploads\/2021\/03\/corridor2.jpg);background-size: cover;background-attachment:fixed\"><div class=\"omsc-full-width-section-inner\"><div class=\"omsc-full-width-section-content\"><div class=\"container\"><div class=\"container-inner\"><\/p>\n<p><\/p>\n<h2>NOUS SOMMES<\/h2>\n<div class=\"omsc-animation omsc-animation-almost-visible omsc-effect-fade-rtl\" data-animation-delay=\"500\"> <\/p>\n<ul class=\"omsc-icons-ul fa-ul\">\n<li><i class=\"fa-li fa fa-globe\"><\/i>\n<p>Licenci\u00e9 en Urbanisme et Am\u00e9nagement du Territoire de l\u2019Universit\u00e9 Libre de Bruxelles<\/p>\n<\/li>\n<li><i class=\"fa-li fa fa-globe\"><\/i>\n<p>Membre (Institut Professionnel des Immobiliers) N\u00b0 505675<\/p>\n<\/li>\n<li><i class=\"fa-li fa fa-globe\"><\/i>\n<p>Expert IPI<\/p>\n<\/li>\n<li><i class=\"fa-li fa fa-globe\"><\/i>\n<p>G\u00e9om\u00e8tre-expert Asserment\u00e9 N\u00b0 060984<\/p>\n<\/li>\n<li><i class=\"fa-li fa fa-globe\"><\/i>\n<p>Gradu\u00e9 en Travaux Publics et Constructions Civiles Institut Paul GRAFE<\/p>\n<\/li>\n<li><i class=\"fa-li fa fa-globe\"><\/i>\n<p>Dipl\u00f4m\u00e9 en Etudes de voiries du CRR (Centre de recherches routi\u00e8res)<\/p>\n<\/li>\n<li><i class=\"fa-li fa fa-globe\"><\/i>\n<p>Membre de la Conf\u00e9d\u00e9ration Royale des G\u00e9om\u00e8tres-Experts de Belgique (CRGE-KCLE)<\/p>\n<\/li>\n<li><i class=\"fa-li fa fa-globe\"><\/i>\n<p>Membre du Coll\u00e8ge National des Experts Judiciaires de Belgique<\/p>\n<\/li>\n<li><i class=\"fa-li fa fa-globe\"><\/i>\n<p>Membre de l\u2019UAE, (anciens \u00e9tudiants de l\u2019ULB)<\/p>\n<\/li>\n<li><i class=\"fa-li fa fa-globe\"><\/i>\n<p>Membre du CSTC (Centre scientifique et technique de la construction)<\/p>\n<\/li>\n<li><i class=\"fa-li fa fa-globe\"><\/i>\n<p>Expert Judiciaire asserment\u00e9 pr\u00e8s le tribunal de premi\u00e8re instance s\u00e9ant \u00e0 Bruxelles<\/p>\n<\/li>\n<li><i class=\"fa-li fa fa-globe\"><\/i>\n<p>Entrepreneur g\u00e9n\u00e9ral agr\u00e9\u00e9&nbsp; Enreg. 031110.&nbsp;&nbsp; Partenariat avec DMA CONSTRUCT \u00e0 Ramillies<\/p>\n<\/li>\n<\/ul>\n<p> <\/div>\n<p><\/p>\n<p><\/div><\/div><\/div><\/div><\/div><\/p>\n<p id=\"collaborateurs\"><div class=\"omsc-full-width-section\" style=\"background-color:#f9f9f9\"><div class=\"omsc-full-width-section-inner\"><div class=\"omsc-full-width-section-content\"><div class=\"container\"><div class=\"container-inner\"><\/p>\n<h2><strong>NOS COLLABORATEURS REGULIERS<\/strong><\/h2>\n<div class=\"omsc-one-third\"><div class=\"omsc-animation omsc-animation-almost-visible omsc-effect-flip\" data-animation-delay=\"500\"><div class=\"omsc-box omsc-with-title omsc-with-border omsc-with-icon omsc-icon-style-border omsc-icon-shape-box\" style=\"border-width:1px;border-color:#cecece;background-image:url(https:\/\/expertbertrand.be\/wp-content\/uploads\/2021\/03\/binding_light.png);background-position:repeat;text-align:center;color:#666666;height:200px\"><div class=\"omsc-box-icon-wrapper\"><div class=\"omsc-box-icon\" style=\"border-width:1px;margin-top:-1.5px;margin-left:-1px;border-color:#cecece;color:#cecece;\"><i class=\"fa fa-home\"><\/i><\/div><\/div><div class=\"omsc-box-inner\"><div class=\"omsc-box-title\"><strong>Architectes, Ing\u00e9nieur civil des Constructions<\/strong><\/div>Structures, stabilit\u00e9, r\u00e9sistance de sol, contraintes, tassements diff\u00e9rentiels.<\/div><\/div><\/div><div class=\"clear\"><\/div><\/div>\n<div class=\"omsc-one-third\"><div class=\"omsc-animation omsc-animation-almost-visible omsc-effect-flip\" data-animation-delay=\"500\"><div class=\"omsc-box omsc-with-title omsc-with-border omsc-with-icon omsc-icon-style-border omsc-icon-shape-box\" style=\"border-width:1px;border-color:#cecece;background-image:url(https:\/\/expertbertrand.be\/wp-content\/uploads\/2021\/03\/binding_light.png);background-position:repeat;text-align:center;color:#666666;height:200px\"><div class=\"omsc-box-icon-wrapper\"><div class=\"omsc-box-icon\" style=\"border-width:1px;margin-top:-1.5px;margin-left:-1px;border-color:#cecece;color:#cecece;\"><i class=\"fa fa-globe\"><\/i><\/div><\/div><div class=\"omsc-box-inner\"><div class=\"omsc-box-title\"><strong>Topographe<\/strong><\/div>Mesurages et lev\u00e9s topographiques (jusqu\u2019aux grands lev\u00e9s en Belgique et \u00e0 l\u2019\u00e9tranger)<\/div><\/div><\/div><div class=\"clear\"><\/div><\/div>\n<div class=\"omsc-one-third omsc-last\"><div class=\"omsc-animation omsc-animation-almost-visible omsc-effect-flip\" data-animation-delay=\"500\"><div class=\"omsc-box omsc-with-title omsc-with-border omsc-with-icon omsc-icon-style-border omsc-icon-shape-box\" style=\"border-width:1px;border-color:#cecece;background-image:url(https:\/\/expertbertrand.be\/wp-content\/uploads\/2021\/03\/binding_light.png);background-position:repeat;text-align:center;color:#666666;height:200px\"><div class=\"omsc-box-icon-wrapper\"><div class=\"omsc-box-icon\" style=\"border-width:1px;margin-top:-1.5px;margin-left:-1px;border-color:#cecece;color:#cecece;\"><i class=\"fa fa-leaf\"><\/i><\/div><\/div><div class=\"omsc-box-inner\"><div class=\"omsc-box-title\"><strong>Ing\u00e9nieur agronome<\/strong><\/div>Sols, des cultures, exploitations foresti\u00e8res<\/div><\/div><\/div><div class=\"clear\"><\/div><\/div><div class=\"omsc-clear\"><\/div>\n<div class=\"omsc-one-third\"><div class=\"omsc-animation omsc-animation-almost-visible omsc-effect-flip\" data-animation-delay=\"700\"><div class=\"omsc-box omsc-with-title omsc-with-border omsc-with-icon omsc-icon-style-border omsc-icon-shape-box\" style=\"border-width:1px;border-color:#cecece;background-image:url(https:\/\/expertbertrand.be\/wp-content\/uploads\/2021\/03\/binding_light.png);background-position:repeat;text-align:center;color:#666666;height:200px\"><div class=\"omsc-box-icon-wrapper\"><div class=\"omsc-box-icon\" style=\"border-width:1px;margin-top:-1.5px;margin-left:-1px;border-color:#cecece;color:#cecece;\"><i class=\"fa fa-gavel\"><\/i><\/div><\/div><div class=\"omsc-box-inner\"><div class=\"omsc-box-title\"><strong>Avocate <\/strong><\/div>Droit immobilier et propri\u00e9t\u00e9s<\/div><\/div><\/div><div class=\"clear\"><\/div><\/div>\n<div class=\"omsc-one-third\"><div class=\"omsc-animation omsc-animation-almost-visible omsc-effect-flip\" data-animation-delay=\"700\"><div class=\"omsc-box omsc-with-title omsc-with-border omsc-with-icon omsc-icon-style-border omsc-icon-shape-box\" style=\"border-width:1px;border-color:#cecece;background-image:url(https:\/\/expertbertrand.be\/wp-content\/uploads\/2021\/03\/binding_light.png);background-position:repeat;text-align:center;color:#666666;height:200px\"><div class=\"omsc-box-icon-wrapper\"><div class=\"omsc-box-icon\" style=\"border-width:1px;margin-top:-1.5px;margin-left:-1px;border-color:#cecece;color:#cecece;\"><i class=\"fa fa-users\"><\/i><\/div><\/div><div class=\"omsc-box-inner\"><div class=\"omsc-box-title\"><strong>Urbaniste-conseil<\/strong><\/div>Etudes d&rsquo;incidence et permis d&rsquo;urbanisme,<\/div><\/div><\/div><div class=\"clear\"><\/div><\/div>\n<div class=\"omsc-one-third omsc-last\"><div class=\"omsc-animation omsc-animation-almost-visible omsc-effect-flip\" data-animation-delay=\"700\"><div class=\"omsc-box omsc-with-title omsc-with-border omsc-with-icon omsc-icon-style-border omsc-icon-shape-box\" style=\"border-width:1px;border-color:#cecece;background-image:url(https:\/\/expertbertrand.be\/wp-content\/uploads\/2021\/03\/binding_light.png);background-position:repeat;text-align:center;color:#666666;height:200px\"><div class=\"omsc-box-icon-wrapper\"><div class=\"omsc-box-icon\" style=\"border-width:1px;margin-top:-1.5px;margin-left:-1px;border-color:#cecece;color:#cecece;\"><i class=\"fa fa-gears\"><\/i><\/div><\/div><div class=\"omsc-box-inner\"><div class=\"omsc-box-title\"><strong>Entrepreneur g\u00e9n\u00e9ral<\/strong> <\/div>(DMA CONSTRUCT \u00e0 Ramillies).<\/div><\/div><\/div><div class=\"clear\"><\/div><\/div><div class=\"omsc-clear\"><\/div>\n<p><\/div><\/div><\/div><\/div><\/div><\/p>\n<p id=\"nosclients\"><div class=\"omsc-full-width-section\" style=\"background-color:#f2f2f2;background-image:url(https:\/\/expertbertrand.be\/wp-content\/uploads\/2021\/03\/corridor2.jpg);background-size: cover;background-attachment:fixed\"><div class=\"omsc-full-width-section-inner\"><div class=\"omsc-full-width-section-content\"><div class=\"container\"><div class=\"container-inner\"><\/p>\n<h2>NOS CLIENTS<\/h2>\n<div class=\"omsc-animation omsc-animation-almost-visible omsc-effect-fade-rtl\" data-animation-delay=\"500\"> <\/p>\n<ul class=\"omsc-icons-ul fa-ul\">\n<li><i class=\"fa-li fa fa-user\"><\/i>\n<p>Particuliers et investisseurs dans leurs rapports avec l\u2019immobilier en g\u00e9n\u00e9ral<\/p>\n<\/li>\n<li><i class=\"fa-li fa fa-user\"><\/i>\n<p>Institutions financi\u00e8res, (Banques, Soci\u00e9t\u00e9s de cr\u00e9dit etc\u2026)<\/p>\n<\/li>\n<li><i class=\"fa-li fa fa-user\"><\/i>\n<p>Soci\u00e9t\u00e9s d\u2019assurance, Soci\u00e9t\u00e9s de cr\u00e9dits, promoteurs\u2026<\/p>\n<\/li>\n<li><i class=\"fa-li fa fa-user\"><\/i>\n<p>Administrations (finances et enregistrement, Communes\u2026)<\/p>\n<\/li>\n<li><i class=\"fa-li fa fa-user\"><\/i>\n<p>Notaires, Tribunaux (Premi\u00e8re instance et Justice de paix), Entrepreneurs, Architectes,<\/p>\n<\/li>\n<li><i class=\"fa-li fa fa-user\"><\/i>\n<p>Projeteurs urbanistiques, am\u00e9nagement du territoire, assainissements, \u00e9tudes d\u2019incidence\u2026<\/p>\n<\/li>\n<\/ul>\n<p><\/div>\n<p><\/div><\/div><\/div><\/div><\/div><\/p>\n<p id=\"honoraires\"><div class=\"omsc-full-width-section\" style=\"background-color:#f9f9f9\"><div class=\"omsc-full-width-section-inner\"><div class=\"omsc-full-width-section-content\"><div class=\"container\"><div class=\"container-inner\"><\/p>\n<h2>HONORAIRES<\/h2>\n<p>Nos honoraires sont fix\u00e9s en fonction de la nature, de l&rsquo;importance, de la complexit\u00e9, du volume et de l&rsquo;\u00e9ventuelle r\u00e9p\u00e9titivit\u00e9 des missions,<\/p>\n<p>Le contexte social est toujours pris en compte.<\/p>\n<p>Nous ne travaillons pas normalement sur devis que nous consid\u00e9rons d\u00e9savantageux pour tous, les honoraires font l&rsquo;objet d&rsquo;une concertation pr\u00e9alable r\u00e9fl\u00e9chie avec nos Clients, et un d\u00e9compte circonstanci\u00e9 du d\u00e9roulement des missions est toujours \u00e9tabli.<\/p>\n<p><\/p>\n<p><\/div><\/div><\/div><\/div><\/div><\/p>\n<p id=\"nosvaleurs\"><div class=\"omsc-full-width-section\" style=\"background-color:#f7f7f7\"><div class=\"omsc-full-width-section-inner\"><div class=\"omsc-full-width-section-content\"><div class=\"container\"><div class=\"container-inner\"><\/p>\n<h2>NOS VALEURS<\/h2>\n<blockquote class=\"omsc-blockquote\"><div class=\"omsc-blockquote-inner\"> Les relations avec nos Clients sont un contrat de confiance bas\u00e9 sur le respect mutuel, Les valeurs que nous pratiquons, l&rsquo;unanime satisfaction de notre Client\u00e8le et notre tr\u00e8s longue exp\u00e9rience, quasi centenaire, font notre fiert\u00e9. <\/div><\/blockquote>\n<div class=\"omsc-divider omsc-border-small omsc-style-icon-center\" style=\"\"><div class=\"omsc-divider-icon\"><i class=\"fa fa-ellipsis-h\"><\/i><\/div><\/div>\n<p><\/div><\/div><\/div><\/div><\/div><\/p>\n\n\n<p><\/p>\n","protected":false},"excerpt":{"rendered":"","protected":false},"author":1,"featured_media":0,"parent":0,"menu_order":0,"comment_status":"closed","ping_status":"closed","template":"template-100width.php","meta":[],"_links":{"self":[{"href":"https:\/\/www.expertbertrand.be\/index.php\/wp-json\/wp\/v2\/pages\/6"}],"collection":[{"href":"https:\/\/www.expertbertrand.be\/index.php\/wp-json\/wp\/v2\/pages"}],"about":[{"href":"https:\/\/www.expertbertrand.be\/index.php\/wp-json\/wp\/v2\/types\/page"}],"author":[{"embeddable":true,"href":"https:\/\/www.expertbertrand.be\/index.php\/wp-json\/wp\/v2\/users\/1"}],"replies":[{"embeddable":true,"href":"https:\/\/www.expertbertrand.be\/index.php\/wp-json\/wp\/v2\/comments?post=6"}],"version-history":[{"count":38,"href":"https:\/\/www.expertbertrand.be\/index.php\/wp-json\/wp\/v2\/pages\/6\/revisions"}],"predecessor-version":[{"id":73,"href":"https:\/\/www.expertbertrand.be\/index.php\/wp-json\/wp\/v2\/pages\/6\/revisions\/73"}],"wp:attachment":[{"href":"https:\/\/www.expertbertrand.be\/index.php\/wp-json\/wp\/v2\/media?parent=6"}],"curies":[{"name":"wp","href":"https:\/\/api.w.org\/{rel}","templated":true}]}}